(-12380))*-10 composite?
True
Let m = 241 + -241. Suppose 26*j - 31147 - 18435 = m. Is j a prime number?
True
Let h = 73128 - 48852. Let y = h + -14677. Is y a composite number?
True
Let w = 20200 - -301014. Let v be (w/57)/(4/(-6)). Is ((-6)/(-15))/1 - v/5 composite?
True
Let y(u) = u**3 + 10*u**2 + 16*u - 28. Let a be y(-7). Let o(d) = 0*d**3 + 0*d**3 + 2*d**2 + 3 - 8*d + 6 + 4*d**3. Is o(a) a composite number?
False
Let n = -752286 + 1582783. Is n a prime number?
True
Let o = 2 + 34. Suppose 5*j = 2*w - 71, 0*w = -2*w - 2*j + o. Suppose 0 = u - 56 - w. Is u a composite number?
False
Is ((-36428)/(-20))/(45/180*(-8)/(-10)) composite?
True
Suppose -4*h + 2886 = -p, -5*p - 1444 = -2*h - 4*p. Is 13/91*h/2*158 a composite number?
True
Suppose 14*s = 11*s + 33. Suppose -239242 = -s*n - 16613. Is n prime?
False
Is -11969*((4 - 0) + (-20 - -15)) prime?
True
Let s(k) = 527*k**2 - 5*k + 1. Suppose -2*n - a - 5 = -6, -n + a = -5. Is s(n) composite?
False
Let j(c) = -c**3 + 4*c**2 - 4*c + 3. Let a be j(2). Let h(n) = 66*n**2 - 7 + 4 + 7 + 4 - 9 + 2*n. Is h(a) prime?
True
Let p be (-3)/(-1)*(2 + (-33)/9). Let f(s) = -s**2 + s. Let t(y) = -17*y**2 - 6*y + 4. Let w(x) = -4*f(x) - t(x). Is w(p) a prime number?
False
Let y = 2350109 - 1309522. Is y a prime number?
False
Suppose 0 = -92*z + 91*z - 34. Let n be z*(56/(-2) + 0). Let q = -626 + n. Is q a prime number?
False
Let f(l) = 2*l**2 + 6*l + 4. Suppose 31 = -5*j + 16. Let m be f(j). Suppose -2*x - 641 = -7*x + 3*t, m*x = t + 510. Is x composite?
False
Let y = -25 - -26. Let h be (y*1/2)/((-1)/(-22)). Suppose 0 = -6*k + h*k - 2045. Is k a composite number?
False
Let l = -16122 - -33641. Is l composite?
False
Let u = -121432 + 573701. Is u prime?
True
Let n(o) = 25*o**2 - 3*o + 3. Let w be 0 + 3/(-1) - -7. Suppose -3*b - 4 = -w*t, -5*b - 7 - 15 = t. Is n(b) a prime number?
False
Let u = 824592 + -491123. Is u prime?
False
Let k(z) = 10308*z**2 - 9*z - 20. Let v be k(-2). Suppose 0*s + v = 2*s + 2*x, -2*s = -x - 41236. Is s a composite number?
True
Let p(l) = 27396*l**2 - 16*l + 27. Is p(2) composite?
False
Suppose 164 = -2*n + 172. Suppose 0 = -n*h - 4*x + 119604, -10*h + 8*h - 5*x = -59790. Is h composite?
True
Suppose -4*v - v = -8470. Let z be v*(2/8)/((-3)/(-6)). Suppose 2*o + 10 = 0, o = -5*b + 2377 - z. Is b a prime number?
True
Suppose -5*x - 12 = -7*x. Let n(u) = u**2 - 7*u + 23. Let a be n(x). Suppose -12*t - 2485 = -a*t. Is t a composite number?
True
Let u(g) = -5*g**3 - 5*g**2 - 2*g + 15. Suppose -r = -4*f + 58, -f = -0*f - 4. Let v be r/4 - 5/(-10). Is u(v) a prime number?
False
Let j(k) = 5*k**2 - 91*k + 23. Is j(-12) prime?
False
Let c be 176/55*(-1925)/70. Suppose -112 = -5*s + 583. Let b = c + s. Is b a prime number?
False
Suppose -13 + 19 = 2*x. Suppose -2*y - 2*f = -x*y + 1051, 2*y + 5*f = 2147. Is y a prime number?
True
Let u(r) = r. Let z(m) = -72*m + 13. Let p(w) = 3*u(w) - z(w). Suppose 73*a - 216 = 46*a. Is p(a) prime?
True
Suppose -7*d + 40 = 3*d. Suppose -3*i - 2151 = -3*t, -24*i = -23*i + d. Is t a composite number?
True
Suppose 6965*n - 7013*n = -9323472. Is n a prime number?
True
Is (-42 - -37)*12889/(-5) a prime number?
True
Suppose -5*v + 41995 = -5*d, 4*d = -7*v + 4*v + 25225. Suppose 3*l - 2789 = -m, -3*m = -l - 2*l - v. Is m prime?
False
Let f be ((-21)/(-1))/((-30)/(-80)). Suppose -f*y = -193610 - 8382. Is y a composite number?
False
Suppose -9283*d = -9278*d - 166135. Is d composite?
True
Let a = 126 - 130. Is (-5)/((-180)/65112)*(-18)/a a composite number?
True
Is ((-163494)/(-6) - -8) + -4 composite?
False
Let v(a) = -a**3 + a**2 + 2*a + 3. Let j be v(0). Suppose -j*h + 4*g = -2038 - 3181, 5*h - 2*g - 8675 = 0. Is h prime?
True
Let f be 5/15 - (-8)/3. Let l be (-194676)/(-30) - (f - 2)/5. Let d = l - 3656. Is d composite?
False
Suppose 0 = -a + 4*a - 6. Suppose u + 3*u - a*t = -26, 2*t + 37 = -5*u. Is (-1)/u + 4070/77 a composite number?
False
Suppose 152*g = 147*g - 10, -m - 2*g - 1758 = 0. Is (m/(-4))/(0 + 14/28) composite?
False
Let g = -277595 - -406144. Is g prime?
True
Let a = 612257 + -350298. Is a a prime number?
True
Suppose 0 = 2*g + 8, 26 = -5*k + g - 5*g. Let s(u) = -959*u + 31. Is s(k) prime?
True
Suppose 154757 - 24982 = -25*b. Is 0/(-9 + 11) - b composite?
True
Let w(x) = 415*x**2 - 59*x - 25. Is w(-13) composite?
False
Let z(u) = -63237*u - 10004. Is z(-15) composite?
True
Let y(q) = 3*q + 24. Let t be y(-6). Suppose -8*m = -t*m - 8. Suppose 31777 = 5*b + 4*z, m*z - 12718 = 3*b - 5*b. Is b a prime number?
True
Suppose -54 = 35*l - 41*l. Is 451*l + (-6 - -10) prime?
False
Suppose 0 = 5*n - 15, 20*c - 19*c - n = 666. Suppose -m + 5*m = 0. Suppose -2*a - a + c = m. Is a prime?
True
Suppose 18*a = -12018554 + 42142220. Is a a prime number?
False
Suppose -15*r = 9*r - 312. Let s(w) = 33*w**2 - 41*w - 17. Is s(r) composite?
True
Suppose -4*i + 7 + 15 = -2*c, 20 = 3*i + 2*c. Let g(h) = 3*h**3 + 2*h**2 - 3*h + 2. Let d be g(i). Let b = -333 + d. Is b prime?
False
Suppose 45*u - 40*u - 85138 = -2*o, -3*u - 212969 = -5*o. Is o a prime number?
True
Let c = 59262 - 21391. Is c composite?
False
Let i be (1 - -3)/2 - 11730/(-5). Suppose -1176 = -2*r - 0*g - g, 4*r = -g + i. Is r prime?
False
Suppose g + 4*n = -6, 3*g + g - 5*n - 18 = 0. Is -1*(1259 - g)/(-3) a composite number?
False
Let b(s) = 77*s - 46. Let j be b(39). Suppose g - 5*l = -g + j, 4*g + l - 5925 = 0. Is g a composite number?
False
Suppose 4*s - 12 - 8 = 0. Suppose -s*j - 845 + 5490 = 0. Let w = j + -228. Is w composite?
False
Suppose -26*b + 29*b = 3099. Is (12 - 17)/((-1)/b) prime?
False
Let s be -677 + 1/(((-9)/6)/3). Let r = 1122 + s. Suppose -2*k - r + 5071 = 2*l, 2*l - 4637 = k. Is l a composite number?
True
Suppose 0 = -z + 4*s - s + 2425, -3*s + 4823 = 2*z. Let l = -1053 + z. Is l composite?
True
Let s = -4436 + 7687. Is s composite?
False
Let k be -4*(719 - (3 - 0)). Let f = k + 4851. Is f prime?
True
Let q = 580 - 342. Let u = 631 + -586. Suppose -u*s + 43*s = -q. Is s a prime number?
False
Suppose 0 = k + 5, -3*s + 5*s - 3*k + 4217 = 0. Let w = -656 - s. Suppose 4*a - w = 336. Is a a composite number?
False
Suppose -3*t + 3*b - 34494 = -154539, 3*t + 5*b = 120077. Is t composite?
True
Let o = 130 - 125. Suppose -15 = -o*m - 0*m. Suppose -l + 3*z = -340 - 1670, -m*z - 4029 = -2*l. Is l a prime number?
False
Suppose -17 - 7 = -4*j. Let g be j/5*(-15)/(-9). Suppose 0 = -0*q - 2*q + g*c + 196, 4*q = 2*c + 402. Is q composite?
False
Let q be 220570/11 - (-38)/209. Suppose 0 = 2*z - q + 138. Suppose 7*x = 3014 + z. Is x prime?
False
Suppose -13*w = -w - 600. Suppose -5*q + 142 = -2*p - 95, -w = -q + 3*p. Let y = 68 - q. Is y a composite number?
True
Let g(p) = 75*p**3 - p**2 - 2*p + 2. Let s be g(1). Suppose -s = -m - 69. Suppose 4486 = 7*c - m*c. Is c composite?
False
Suppose -3*a + 48*a - 3591026 = 1953739. Is a a prime number?
True
Suppose 0 = -102*u + 861035 + 5945527. Is u prime?
False
Let h(x) = -x**2 + 17*x - 63. Let n be h(12). Is n + (5360 - 3)*1/1 prime?
False
Let w(m) = -72*m**3 + 6*m**2 - 7*m - 12. Suppose -17 = 4*k - v, -3*k + 6*k + v + 18 = 0. Is w(k) a composite number?
False
Let x = -238 - -239. Is x/((-5 + 56644/11329)/(-1)) a composite number?
False
Suppose 22 - 8 = 5*h - k, -4*h + 4*k + 24 = 0. Suppose h*p - 84 = 4*w, p - 3*w = -4*p + 196. Suppose -2913 = p*l - 41*l. Is l prime?
True
Let a = -4066 - -10462. Let u = -938 + a. Is u a composite number?
True
Let g be 5 + (-20)/5 + 4. Suppose -z - 5701 = -3*z + n, -g*z - 4*n + 14259 = 0. Let f = -1464 + z. Is f a composite number?
True
Let l(t) = -3*t**2 - 82*t + 27973. Is l(0) composite?
True
Suppose -13253728 - 8574364 - 12617986 = -318*u. Is u prime?
False
Let t(m) be the third derivative of -89*m**4/24 - 5*m**3 - 4*m**2 + 3. Is t(-7) prime?
True
Is 4/(-5) - 1050379/(-205) a composite number?
True
Suppose -4*b - 8 = -4*x - 2*b, x + 7 = -4*b. Let c be x*(-2 - -11) - 4. Suppose 2*l + 3*p = 4584 - 479, c*l - 3*p = 10252. Is l composite?
True
Let d(p) = p**2 + 7*p + 5. Suppose -10*f - 71 = -11. Let o be d(f). Is o/3*(-4 + 8 + -367) composite?
True
Let m(r) = -103*r + 149. Let s(i) = -10*i + 141. Let o be s(18). Is m(o) composite?
True
Let y = -44256 + 137149. Is y a prime number?
True
Let v(s) = 6*s - 54. Let o be v(8). Let x(q) 